15, what is 0 - 57?
-57
In base 10, what is -136 + -4?
-140
In base 2, what is 1 + 11000011?
11000100
In base 3, what is -1002 + -112?
-1121
In base 7, what is -24024 - 3?
-24030
In base 13, what is -1a - -45?
28
In base 5, what is -20 - -1100?
1030
In base 14, what is 5 - 276?
-271
In base 16, what is -3 + -26?
-29
In base 14, what is -2c3 + 4?
-2bd
In base 6, what is 13 + 33?
50
In base 13, what is -44 + -2?
-46
In base 2, what is 10100 + 110001?
1000101
In base 7, what is 0 + 26?
26
In base 9, what is -2 - 300?
-302
In base 16, what is -5 + -8?
-d
In base 8, what is -1 + 1623?
1622
In base 13, what is 1 + 700?
701
In base 4, what is 1010 - 2?
1002
In base 9, what is -16262 + -3?
-16265
In base 7, what is -101 - 26?
-130
In base 6, what is 1 + -1433?
-1432
In base 6, what is -1 - -40?
35
In base 2, what is -10011111 + -11010?
-10111001
In base 2, what is -100 - 1001100?
-1010000
In base 3, what is -2 + 21?
12
In base 4, what is -3 + 10001?
3332
In base 12, what is 0 + -19?
-19
In base 2, what is -110100001 + 1?
-110100000
In base 15, what is -3 + 11a?
117
In base 3, what is -1 - -22222?
22221
In base 16, what is 5 + 6a?
6f
In base 6, what is 0 - 20?
-20
In base 6, what is 12553 - 3?
12550
In base 9, what is 62 + 1?
63
In base 12, what is 4 - -46?
4a
In base 4, what is -11 - 1031201?
-1031212
In base 10, what is -419 + 4?
-415
In base 8, what is 5 + -116?
-111
In base 13, what is -12 - 23?
-35
In base 2, what is 1011000111001 - -100?
1011000111101
In base 7, what is -60 - -4?
-53
In base 7, what is -62 + -5?
-100
In base 6, what is -15 - 2315?
-2334
In base 14, what is 8 - -17bc?
17c6
In base 15, what is 3 - 23d?
-23a
In base 7, what is 21 + -121?
-100
In base 8, what is 1 - 156?
-155
In base 12, what is -90 - 0?
-90
In base 4, what is -12 - -3?
-3
In base 15, what is -1269 + -4?
-126d
In base 13, what is 4 + -7c?
-78
In base 3, what is 122000 + 101?
122101
In base 8, what is 3 + 141?
144
In base 4, what is 0 - -320?
320
In base 16, what is -1dc5 - 1?
-1dc6
In base 8, what is -11 - -132?
121
In base 14, what is -5 + -32?
-37
In base 8, what is 3261 + 3?
3264
In base 2, what is 0 - -10000000010?
10000000010
In base 16, what is 3a9 + -2?
3a7
In base 16, what is -33 - -9a?
67
In base 2, what is 10 - 1000000?
-111110
In base 14, what is 3 - 9?
-6
In base 3, what is -202 - 102?
-1011
In base 11, what is -420 - -5?
-416
In base 5, what is -20 + -1412?
-1432
In base 10, what is 1707 + 5?
1712
In base 6, what is 1024 + -5?
1015
In base 14, what is 0 - 9ad?
-9ad
In base 7, what is 1 + -61?
-60
In base 11, what is 43a3 - 5?
4399
In base 2, what is -111000011100 + -11?
-111000011111
In base 11, what is 206 - -4?
20a
In base 12, what is -5 + -207?
-210
In base 13, what is -3 - 362?
-365
In base 3, what is 2001 - -12202?
21210
In base 12, what is -1 - -59?
58
In base 5, what is 10 - 2021?
-2011
In base 6, what is 311 - 2?
305
In base 7, what is 0 + -226?
-226
In base 13, what is -5 + 1c?
17
In base 14, what is 1d + -5?
18
In base 10, what is -5 + 4?
-1
In base 14, what is 4 + -4d?
-49
In base 6, what is 3 - -1342?
1345
In base 13, what is 5 - 1404?
-13cc
In base 9, what is 21271 + -4?
21266
In base 13, what is 5 - -20?
25
In base 13, what is -2 + 91?
8c
In base 8, what is -12 + 421?
407
In base 12, what is 3 + a?
11
In base 15, what is 1858 - 1?
1857
In base 9, what is 24 - -104?
128
In base 2, what is 101 - 100001?
-11100
In base 2, what is -1100110 - 11?
-1101001
In base 14, what is 3 + -939?
-936
In base 11, what is 1 + 209?
20a
In base 7, what is -611 - -1?
-610
In base 2, what is 101001 - 1111?
11010
In base 6, what is -151 + -5?
-200
In base 2, what is -101001 + 1001010?
100001
In base 8, what is 4 + -1051?
-1045
In base 11, what is -4 + -9?
-12
In base 16, what is 5 + -ce?
-c9
In base 3, what is -22 + -210?
-1002
In base 7, what is -2 - -1640?
1635
In base 12, what is 12bb7 - -2?
12bb9
In base 4, what is 1030 + 10?
1100
In base 5, what is 0 + -1441?
-1441
In base 5, what is -2 + -1122?
-1124
In base 3, what is 2 + -102122?
-102120
In base 15, what is -63b2 + 5?
-63ac
In base 5, what is -1442041 - 10?
-1442101
In base 6, what is -3 - -14533?
14530
In base 16, what is a0 - 2?
9e
In base 11, what is 1 - -2212?
2213
In base 7, what is -54405 + -4?
-54412
In base 4, what is 33 + 121?
220
In base 10, what is 3 - 373?
-370
In base 15, what is 308 - 1?
307
In base 13, what is -260 + -2?
-262
In base 4, what is 12 + -2032?
-2020
In base 7, what is 122044 - 1?
122043
In base 5, what is 0 - 110112?
-110112
In base 16, what is 2 - -ae?
b0
In base 3, what is 10 + 12020?
12100
In base 9, what is 10701 + -4?
10686
In base 14, what is -109 + 3?
-106
In base 9, what is -1 - -81?
80
In base 15, what is -2d + -c3?
-101
In base 11, what is 7197 + 1?
7198
In base 16, what is -f - 12?
-21
In base 13, what is 210 - -98?
2a8
In base 2, what is 100001011 + -1101?
11111110
In base 3, what is -12 - 102202?
-102221
In base 5, what is 430 - 4?
421
In base 9, what is 2 + -57?
-55
In base 11, what is -1472 + -1?
-1473
In base 13, what is -4 - -877?
873
In base 4, what is -1122 - -11?
-1111
In base 4, what is 0 - 121?
-121
In base 9, what is 3 - -1432?
1435
In base 13, what is -18 - 8?
-23
In base 12, what is 77a4 - -2?
77a6
In base 8, what is 473 + -4?
467
In base 5, what is 3210 - -13?
3223
In base 15, what is -1 - d?
-e
In base 16, what is -5a + -17?
-71
In base 13, what is 2919 - -5?
2921
In base 15, what is 511 - 0?
511
In base 10, what is -762 - -3?
-759
In base 14, what is 7 - -28?
31
In base 4, what is 2 - 3132?
-3130
In base 16, what is -1b - 1?
-1c
In base 4, what is -11003 + -1?
-11010
In base 5, what is -3 - 3?
-11
In base 5, what is 41 + 42?
133
In base 11, what is -2 + -187?
-189
In base 3, what is 2102 - 212?
1120
In base 7, what is 3 + -33?
-30
In base 3, what is 12 - -101110?
101122
In base 5, what is -143044 - 2?
-143101
In base 9, what is 16888 - -4?
17003
In base 10, what is 134 - -2?
136
In base 12, what is -5 - -382?
379
In base 3, what is 0 - -221200?
221200
In base 8, what is 3 + -76?
-73
In base 6, what is 3 - 150?
-143
In base 10, what is -6 - 575?
-581
In base 5, what is 2 + -102?
-100
In base 2, what is 101100 + 0?
101100
In base 2, what is 11100011 - 10?
11100001
In base 7, what is -5 + 52?
44
In base 16, what is -9a - 2?
-9c
In base 16, what is -469 + -5?
-46e
In base 8, what is -273 - -5?
-266
In base 2, what is 110 - 1110011?
-1101101
In base 13, what is 10 + 55?
65
In base 2, what is 10110 - 10010?
100
In base 2, what is 111100110 + -11?
111100011
In base 5, what is -13 - 102?
-120
In base 8, what is -4 + -5560?
-5564
In base 12, what is 5 + 8?
11
In base 15, what is -15 + -189?
-19e
In base 15, what is 2b - -9?
35
In base 6, what is -21 + -23?
-44
In base 14, what is -4 - 405?
-409
In base 4, what is 1 + 22?
23
In base 13, what is -22 + -3?
-25
In base 8, what is -1321 - 3?
-1324
In base 9, what is -23 + 6?
-16
In base 15, what is 27bc - 4?
27b8
In base 2, what is -101100 + 11?
-101001
In base 2, what is -100110101111 - -100?
-100110101011
In base 12, what is -1491 + -1?
-1492
In base 4, what is -12 + 21123?
21111
In base 15, what is 11 - -9?
1a
In base 16, what is 4 - -461?
465
In base 3, what is -10 - -100121?
100111
In base 10, what is -1128 - 1?
-1129
In base 16, what is -19 + -16?
-2f
In base 8, what is 730 + -5?
723
In base 12, what is -5 - 50?
-55
In base 10, what is -4 - 849?
-853
In base 2, what is 101 + -11010?
-10101
In base 4, what is -212 + 10?
-202
In base 4, what is -30 - 132?
-222
In base 6, what is -1 - -12052?
12051
In base 12, what is 1732 + 0?
1732
In base 2, what is 1100 - 10110011?
-10100111
In base 10, what is -9 + 189?
180
In base 9, what is 301 + 1?
302
In base 2, what is 1110 - -1?
1111
In base 7, what is 4664 + -5?
4656
In base 15, what is -b - -9b?
90
In base 4, what is -311 + -223?
-1200
In base 6, what is 3 + 130?
133
In base 9, what is 114 - 0?
114
In base 4, what is -10 - 11220?
-11230
In base 7, what is -11 + 5253?
5242
In base 2, what is -1110100110111 + 1?
-1110100110110
In base 6, what is 0 + 251?
251
In base 10, what is -3 - -40?
37
In base 2, what is -11010 - -101?
-10101
In base 8, what is -1010 + 0?
-1010
In base 11, what is 4 - 21?
-18
In base 10, what is 1991 - -4?
1995
In base 8, what is -331 - 0?
-